 293
Let k(u) = -56*u - 4. Let c be k(-3). Suppose 6720 = 61*a - 31*a. Suppose 4*m - a = m - 4*s, 2*m - s - c = 0. What are the prime factors of m?
2, 5
Let j = 18693 - 10292. List the prime factors of j.
31, 271
Let u(c) be the third derivative of 0*c + 0*c**4 + 20*c**2 + 17/60*c**5 - 1/3*c**3 + 0. What are the prime factors of u(2)?
2, 3, 11
Let c be (36/54)/((5/72)/5). Suppose -300 = -c*m + 43*m. What are the prime factors of m?
2, 3, 5
Suppose 3*h + 207 = -549. Let w = 358 + h. List the prime factors of w.
2, 53
Let x be 7 - -8*(-1)/2. Suppose 0 = -a, 2211 = 3*t - x*a + 2*a. List the prime factors of t.
11, 67
What are the prime factors of ((-2)/16*5)/(162/(-11408688))?
5, 8803
Let c(w) = w**3 + 39*w**2 - 17*w - 49. Let h(b) = b**3 + 19*b**2 - 9*b - 25. Let p(q) = -3*c(q) + 5*h(q). What are the prime factors of p(12)?
2, 191
Let q be (-1 - (-1 - 1))/(7/(-6195)). What are the prime factors of ((-185)/25 - -5)*q/6?
2, 3, 59
What are the prime factors of (-37)/(-111) - 206108/(-39) - 6/39?
5, 7, 151
Let l be 2/(-14) - 165/21. Let y be l/(120/(-153))*10. Suppose b + 19 = y. What are the prime factors of b?
83
List the prime factors of (8290 + 48/6)*5/(-15)*-1.
2, 3, 461
Let r(d) be the first derivative of 4*d**3/3 - 7*d**2/2 + 6*d - 1. Let y(m) = 2*m**3 - 20*m**2 - m + 15. Let s be y(10). List the prime factors of r(s).
71
Suppose 87903 = 20*j - 43977. What are the prime factors of j?
2, 3, 7, 157
Let j = -46 - -23. Let o be 2 + j/7 - 2/(-7). List the prime factors of ((-2)/(-2))/o + 41.
2, 5
Suppose 19*n = 16*n - 2637. Let b = n - -1841. What are the prime factors of b?
2, 13, 37
Suppose 54*p = 63*p - 99. Suppose 1162 = 3*f - p. List the prime factors of f.
17, 23
Let o = 23699 - 2690. What are the prime factors of o?
3, 47, 149
Let c(m) = 3*m**2 - 31*m - 23. Let p be c(-21). Let u = p - 891. List the prime factors of u.
2, 5, 53
Suppose 4*d + 11*h - 15*h - 1036 = 0, -h + 4 = 0. Let k = 829 - d. What are the prime factors of k?
2, 283
Suppose 2*i - 1 - 3 = -5*l, -5*i + 5*l = -45. Suppose 0 = -i*s + 9 + 19. Suppose -5*c + 5*k = -755, 3*c - s*k + 8*k - 425 = 0. List the prime factors of c.
3, 7
Let a(u) = 8*u**2 + 11*u + 41. Suppose 20 = -5*t + 5*r, -5*r + 3*r + 32 = -5*t. List the prime factors of a(t).
3, 5, 31
Let a(q) = q**2 + 12*q - 18. Let p be a(-14). Suppose 4*j = p*j - 18. Suppose 0*d - 153 = -j*d. What are the prime factors of d?
3, 17
Let q(c) = c**3 - 2*c**2 - 2*c + 1. Let r be q(3). Suppose -4*i - 219 = -l, r*i + 28 + 187 = 5*l. List the prime factors of 3/(60/i)*-4.
11
Let m(z) be the first derivative of z**4/4 - z**3/3 + 12. Let l be m(1). Suppose l = -2*h + 128 + 56. List the prime factors of h.
2, 23
Let f be ((-477)/(-12))/((-39)/(-2392)). Suppose 5*k + 4*m - f = 0, 5*k = 9*m - 10*m + 2447. List the prime factors of k.
2, 5, 7
Let q be 3/(90/146) - 16/(-120). Let y = -98 - -104. Suppose -y*j = -q*j - 246. List the prime factors of j.
2, 3, 41
What are the prime factors of 870/(-6 - 0)*(-1211)/5?
7, 29, 173
Let s(g) = -6*g**2 + 10*g - 7. Let k(d) = 18*d**2 - 31*d + 22. Let i(m) = -2*k(m) - 7*s(m). Let u be i(5). Let y = 163 - u. What are the prime factors of y?
2, 3
Let g(i) = 4612*i - 3772. List the prime factors of g(15).
2, 7, 73
Let k = -17372 + 17583. What are the prime factors of k?
211
Suppose 13*f = 35368 + 14617. What are the prime factors of f?
5, 769
Suppose i = 4*c + 3, 3*i + 5 = 2*i. What are the prime factors of ((-34)/(-51))/(-2*c/2862)?
3, 53
Suppose 2*y + 1109 - 1115 = 0. Suppose t + 3*t - 272 = -4*z, -2*t = 4*z - 140. Suppose 2*v - t = -2*c, -y*v + 6*v = -c + 93. List the prime factors of v.
2, 3, 5
Let x = 138 + -247. Let h = x - -21. Let t = h + 182. What are the prime factors of t?
2, 47
Suppose 12*n = 11*n. Suppose 0 = -n*p - 10*p + 240. List the prime factors of 3 - p*4/(-6).
19
Let l(v) = 4*v + 193. Let j be l(-39). Suppose -46*c = -j*c - 9036. List the prime factors of c.
2, 251
Let d = 449 - 683. Let y = -25 - d. List the prime factors of y.
11, 19
Suppose -18*s + 9*s = 0. Suppose j - 3 = -s. Suppose g - 650 = -5*z, -j*z - z = g - 520. List the prime factors of z.
2, 5, 13
Suppose 111*c - 556411 - 967578 = -252484. List the prime factors of c.
5, 29, 79
Let c(b) = -2*b**3 - 160*b**2 - 12*b + 519. What are the prime factors of c(-80)?
3, 17, 29
Let q = 119 + -97. List the prime factors of ((-12882)/q)/(-3) - 40/220.
3, 5, 13
Let a(q) = -2*q**3 + 14*q**2 - 13*q. Let m be a(6). Let d(o) = -45*o - 10. List the prime factors of d(m).
2, 5, 13
Suppose -4*u = 3*c - 142143, -c - 4*u = -4*c + 142095. List the prime factors of c.
3, 15791
Suppose -5*s - 4*b - b + 1655 = 0, -4*b - 692 = -2*s. Suppose 3*v + s = p - 284, 5*p - 3120 = -5*v. List the prime factors of p.
7, 89
Let c = 24814 + 14340. List the prime factors of c.
2, 19577
Suppose 5*h = -3*b + 48, -b + 3*b = -8. Suppose 2*a = -h*a + 350. Suppose 0 = -15*w + 20*w - a. List the prime factors of w.
5
Suppose 3*x + 0*m + 2*m = 82, -5*x - m + 132 = 0. Suppose z + 5*y - 66 = 0, 2*z + 5*y = x + 111. What are the prime factors of z?
71
List the prime factors of (1060/(-50))/(1/8*(-8)/170).
2, 17, 53
Let b be (-174)/(-21) - (-10)/(-35). Let a(v) = 16*v - 64. Let m(g) = 1. Let i(p) = a(p) + 48*m(p). What are the prime factors of i(b)?
2, 7
Suppose -50*w = -38*w - 2472. Suppose 0 = i - s - 2, 0 = -4*i + 2*i + 5*s + 1. Suppose 5*n = i*x - 270, w = 4*x - 5*n - 154. What are the prime factors of x?
2, 3, 5
Let n(q) = 86*q - 38*q + 9 + 5*q. List the prime factors of n(1).
2, 31
Suppose p - 5 = -29. Let c be 129/p*6 - 1/(-4). List the prime factors of (c/3)/4*(-75)/2.
2, 5
Let q = -43497 - -198354. What are the prime factors of (-6)/(-14) - q/(-287)?
2, 3, 5
What are the prime factors of -2 - (-22)/6 - 633920/(-60)?
10567
Suppose -2*i = -4*s + 12, 2*s - 3 = 4*i + 3. Suppose 2*t = 3*j - i*j + 29, t - 16 = 3*j. What are the prime factors of t?
13
Let v = -75982 + 118384. List the prime factors of v.
2, 3, 37, 191
Suppose -20*d + 384549 = -38291. Suppose -10*i + 32*i = d. List the prime factors of i.
31
Let i be 1 + 6/(-12)*-6. Suppose 3*x - 2*j + 912 = i*x, 4*x - 2*j = 3608. What are the prime factors of x?
2, 113
List the prime factors of 45/60*45740/15.
2287
Suppose 45207 = 3*f - 3*g, -25691 = 3*f + 3*g - 70886. List the prime factors of f.
13, 19, 61
Suppose 57*k - 318*k = -8537832. What are the prime factors of k?
2, 3, 29, 47
Let g be (1*2)/(-6) - 34/(-102). Suppose g = x - 7 - 2. Let q(m) = -m**2 + 15*m - 2. What are the prime factors of q(x)?
2, 13
Suppose 8 - 11 = -2*u + 3*y, -2*u - 5*y = -11. Suppose 2775 = 5*p - u*j, -5*p + j + 2745 = -20. List the prime factors of p.
2, 3, 23
Suppose -20*d = -21*d - 487. Let w = d + 689. List the prime factors of w.
2, 101
Let n = 95 + 254. Suppose 0 = 5*i + 20, 4*p - 5*i - 4903 - n = 0. List the prime factors of p.
2, 3, 109
Suppose 5*z - 4*z - 3 = 0. Suppose z*a - 7 - 449 = 0. Suppose 0 = -2*c + 46 + a. What are the prime factors of c?
3, 11
Let h = 2496 + -2245. Let d be 162/(-3)*3*1. Let f = h + d. What are the prime factors of f?
89
Suppose 15*s - 121*s + 50*s + 2276512 = 0. List the prime factors of s.
2, 10163
Suppose 8*u + 402 = 11*u. Suppose 2*s - 4*s + u = -5*b, 4*s - 268 = -4*b. What are the prime factors of s?
67
Let c(s) = -s**3 + 18*s**2 + 2*s - 11. Let t be c(18). Suppose t = 7*d + 11. Suppose 4*x = 4*j + j + 284, x - 74 = d*j. List the prime factors of x.
2, 3, 11
Suppose -5*z = -10*z - 1790. What are the prime factors of ((-5)/((-20)/z))/(4/(-8))?
179
List the prime factors of 750*((-80)/(-5 - 5) - 164/(-2)).
2, 3, 5
Let x = 228 + -2982. Let n = x - -4859. What are the prime factors of n?
5, 421
Suppose 3*h = -3*x + 26892, -19*x - 3*h = -21*x + 17898. What are the prime factors of x?
2, 3, 1493
Suppose -2*f = -3*u - 3236, -f + 12*u = 8*u - 1613. Let i = 2925 - f. What are the prime factors of i?
2, 163
Suppose 4*i + i = -3*y + 105, -4*y = 2*i - 140. Let b = -92 + y. Let g = b - -86. What are the prime factors of g?
29
Let w(k) = k + 24. Let x be ((-42)/8)/(39/(-104)). Let v be w(x). Let l = -24 + v. List the prime factors of l.
2, 7
Let r(n) = -7*n - 3. Let o be 4/6*3 - -52. Let k be (14/(-21))/(4/o). What are the prime factors of r(k)?
2, 3, 5
Let q be 10*-1*((-24)/10)/2. Suppose -3*l - q = 0, 3*l + 37 - 